{"id":1883,"date":"2019-05-13T06:49:43","date_gmt":"2019-05-13T06:49:43","guid":{"rendered":"http:\/\/shiny-yacare.w6.wpsandbox.pro\/?page_id=10"},"modified":"2021-11-25T18:49:53","modified_gmt":"2021-11-25T17:49:53","slug":"home","status":"publish","type":"page","link":"http:\/\/varietas.ch\/wordpress\/","title":{"rendered":""},"content":{"rendered":"\t\t<div data-elementor-type=\"wp-post\" data-elementor-id=\"1883\" class=\"elementor elementor-1883\" data-elementor-settings=\"[]\">\n\t\t\t\t\t\t\t<div class=\"elementor-section-wrap\">\n\t\t\t\t\t\t\t<section class=\"elementor-section elementor-top-section elementor-element elementor-element-66cd896 elementor-section-height-min-height elementor-section-stretched elementor-section-boxed elementor-section-height-default elementor-section-items-middle\" data-id=\"66cd896\" data-element_type=\"section\" data-settings=\"{&quot;background_background&quot;:&quot;classic&quot;,&quot;stretch_section&quot;:&quot;section-stretched&quot;}\">\n\t\t\t\t\t\t\t<div class=\"elementor-background-overlay\"><\/div>\n\t\t\t\t\t\t\t<div class=\"elementor-container elementor-column-gap-default\">\n\t\t\t\t\t<div class=\"elementor-column elementor-col-25 elementor-top-column elementor-element elementor-element-c899c40\" data-id=\"c899c40\" data-element_type=\"column\">\n\t\t\t<div class=\"elementor-widget-wrap\">\n\t\t\t\t\t\t\t\t\t<\/div>\n\t\t<\/div>\n\t\t\t\t<div class=\"elementor-column elementor-col-50 elementor-top-column elementor-element elementor-element-c63c3af\" data-id=\"c63c3af\" data-element_type=\"column\">\n\t\t\t<div class=\"elementor-widget-wrap elementor-element-populated\">\n\t\t\t\t\t\t\t\t<div class=\"elementor-element elementor-element-33f9671 elementor-widget elementor-widget-heading\" data-id=\"33f9671\" data-element_type=\"widget\" data-widget_type=\"heading.default\">\n\t\t\t\t<div class=\"elementor-widget-container\">\n\t\t\t<h2 class=\"elementor-heading-title elementor-size-default\">Varietas<\/h2>\t\t<\/div>\n\t\t\t\t<\/div>\n\t\t\t\t<div class=\"elementor-element elementor-element-025eda7 elementor-widget elementor-widget-text-editor\" data-id=\"025eda7\" data-element_type=\"widget\" data-widget_type=\"text-editor.default\">\n\t\t\t\t<div class=\"elementor-widget-container\">\n\t\t\t\t\t\t\t<p>Kartoffeln, Tomaten und Mehr als Saatgut wie zum Verzehr<\/p>\t\t\t\t\t\t<\/div>\n\t\t\t\t<\/div>\n\t\t\t\t<div class=\"elementor-element elementor-element-e214d93 elementor-align-center elementor-widget elementor-widget-button\" data-id=\"e214d93\" data-element_type=\"widget\" data-widget_type=\"button.default\">\n\t\t\t\t<div class=\"elementor-widget-container\">\n\t\t\t\t\t<div class=\"elementor-button-wrapper\">\n\t\t\t<a href=\"http:\/\/varietas.ch\/shop\" target=\"_blank\" class=\"elementor-button-link elementor-button elementor-size-md\" role=\"button\">\n\t\t\t\t\t\t<span class=\"elementor-button-content-wrapper\">\n\t\t\t\t\t\t<span class=\"elementor-button-text\">Shop Now<\/span>\n\t\t<\/span>\n\t\t\t\t\t<\/a>\n\t\t<\/div>\n\t\t\t\t<\/div>\n\t\t\t\t<\/div>\n\t\t\t\t\t<\/div>\n\t\t<\/div>\n\t\t\t\t<div class=\"elementor-column elementor-col-25 elementor-top-column elementor-element elementor-element-153d7a3\" data-id=\"153d7a3\" data-element_type=\"column\">\n\t\t\t<div class=\"elementor-widget-wrap\">\n\t\t\t\t\t\t\t\t\t<\/div>\n\t\t<\/div>\n\t\t\t\t\t\t\t<\/div>\n\t\t<\/section>\n\t\t\t\t<section class=\"elementor-section elementor-top-section elementor-element elementor-element-66f1905 elementor-section-full_width elementor-section-height-default elementor-section-height-default\" data-id=\"66f1905\" data-element_type=\"section\" data-settings=\"{&quot;background_background&quot;:&quot;classic&quot;}\">\n\t\t\t\t\t\t<div class=\"elementor-container elementor-column-gap-default\">\n\t\t\t\t\t<div class=\"elementor-column elementor-col-100 elementor-top-column elementor-element elementor-element-5732f8c\" data-id=\"5732f8c\" data-element_type=\"column\">\n\t\t\t<div class=\"elementor-widget-wrap elementor-element-populated\">\n\t\t\t\t\t\t\t\t<section class=\"elementor-section elementor-inner-section elementor-element elementor-element-473cdfa elementor-section-boxed elementor-section-height-default elementor-section-height-default\" data-id=\"473cdfa\" data-element_type=\"section\">\n\t\t\t\t\t\t<div class=\"elementor-container elementor-column-gap-default\">\n\t\t\t\t\t<div class=\"elementor-column elementor-col-100 elementor-inner-column elementor-element elementor-element-af066fd\" data-id=\"af066fd\" data-element_type=\"column\">\n\t\t\t<div class=\"elementor-widget-wrap elementor-element-populated\">\n\t\t\t\t\t\t\t\t<div class=\"elementor-element elementor-element-144fbac elementor-widget elementor-widget-image\" data-id=\"144fbac\" data-element_type=\"widget\" data-widget_type=\"image.default\">\n\t\t\t\t<div class=\"elementor-widget-container\">\n\t\t\t\t\t\t\t\t\t\t\t\t\t\t\t<img loading=\"lazy\" decoding=\"async\" width=\"265\" height=\"72\" src=\"http:\/\/varietas.ch\/wordpress\/wp-content\/uploads\/2019\/05\/goldcrown-1.png\" class=\"attachment-large size-large\" alt=\"\" \/>\t\t\t\t\t\t\t\t\t\t\t\t\t\t\t<\/div>\n\t\t\t\t<\/div>\n\t\t\t\t<div class=\"elementor-element elementor-element-c561023 elementor-widget elementor-widget-heading\" data-id=\"c561023\" data-element_type=\"widget\" data-widget_type=\"heading.default\">\n\t\t\t\t<div class=\"elementor-widget-container\">\n\t\t\t<h2 class=\"elementor-heading-title elementor-size-default\">\u00dcBER UNS<\/h2>\t\t<\/div>\n\t\t\t\t<\/div>\n\t\t\t\t<div class=\"elementor-element elementor-element-ec5af9f elementor-widget elementor-widget-image\" data-id=\"ec5af9f\" data-element_type=\"widget\" data-widget_type=\"image.default\">\n\t\t\t\t<div class=\"elementor-widget-container\">\n\t\t\t\t\t\t\t\t\t\t\t\t\t\t\t<img loading=\"lazy\" decoding=\"async\" width=\"205\" height=\"38\" src=\"http:\/\/varietas.ch\/wordpress\/wp-content\/uploads\/2019\/05\/goldcrown-2.png\" class=\"attachment-large size-large\" alt=\"\" \/>\t\t\t\t\t\t\t\t\t\t\t\t\t\t\t<\/div>\n\t\t\t\t<\/div>\n\t\t\t\t\t<\/div>\n\t\t<\/div>\n\t\t\t\t\t\t\t<\/div>\n\t\t<\/section>\n\t\t\t\t<section class=\"elementor-section elementor-inner-section elementor-element elementor-element-7ea0179 elementor-section-boxed elementor-section-height-default elementor-section-height-default\" data-id=\"7ea0179\" data-element_type=\"section\">\n\t\t\t\t\t\t<div class=\"elementor-container elementor-column-gap-default\">\n\t\t\t\t\t<div class=\"elementor-column elementor-col-50 elementor-inner-column elementor-element elementor-element-95936f6\" data-id=\"95936f6\" data-element_type=\"column\">\n\t\t\t<div class=\"elementor-widget-wrap elementor-element-populated\">\n\t\t\t\t\t\t\t\t<div class=\"elementor-element elementor-element-94e984a elementor-widget elementor-widget-image\" data-id=\"94e984a\" data-element_type=\"widget\" data-widget_type=\"image.default\">\n\t\t\t\t<div class=\"elementor-widget-container\">\n\t\t\t\t\t\t\t\t\t\t\t\t\t\t\t<img loading=\"lazy\" decoding=\"async\" width=\"761\" height=\"1024\" src=\"http:\/\/varietas.ch\/wordpress\/wp-content\/uploads\/2021\/11\/potato_love-761x1024.jpg\" class=\"attachment-large size-large\" alt=\"\" srcset=\"http:\/\/varietas.ch\/wordpress\/wp-content\/uploads\/2021\/11\/potato_love-761x1024.jpg 761w, http:\/\/varietas.ch\/wordpress\/wp-content\/uploads\/2021\/11\/potato_love-223x300.jpg 223w, http:\/\/varietas.ch\/wordpress\/wp-content\/uploads\/2021\/11\/potato_love-768x1033.jpg 768w, http:\/\/varietas.ch\/wordpress\/wp-content\/uploads\/2021\/11\/potato_love-1142x1536.jpg 1142w, http:\/\/varietas.ch\/wordpress\/wp-content\/uploads\/2021\/11\/potato_love-1522x2048.jpg 1522w, http:\/\/varietas.ch\/wordpress\/wp-content\/uploads\/2021\/11\/potato_love-scaled.jpg 1903w\" sizes=\"auto, (max-width: 761px) 100vw, 761px\" \/>\t\t\t\t\t\t\t\t\t\t\t\t\t\t\t<\/div>\n\t\t\t\t<\/div>\n\t\t\t\t\t<\/div>\n\t\t<\/div>\n\t\t\t\t<div class=\"elementor-column elementor-col-50 elementor-inner-column elementor-element elementor-element-c7a129e\" data-id=\"c7a129e\" data-element_type=\"column\">\n\t\t\t<div class=\"elementor-widget-wrap elementor-element-populated\">\n\t\t\t\t\t\t\t\t<div class=\"elementor-element elementor-element-6926ea2 elementor-widget elementor-widget-text-editor\" data-id=\"6926ea2\" data-element_type=\"widget\" data-widget_type=\"text-editor.default\">\n\t\t\t\t<div class=\"elementor-widget-container\">\n\t\t\t\t\t\t\t<p>Varietas ist eine kleine Pflanzenz\u00fcchtungsfirma in Weiach an der Grenze des Kantons Z\u00fcrich zum Aargau und Deutschland.<\/p>\n<p>Wir arbeiten haupts\u00e4chlich mit wilden und domestizierten Tomaten und Kartoffeln sowie einigen anderen Gem\u00fcsesorten, wobei wir versuchen Resistenzen gegen Krankheiten oder Sch\u00e4dlinge aus Wildformen in unsere produktiveren Sorten einzukreuzen.<\/p>\n<p>Weiter arbeiten wir im Bereich von \u00abFunctional Food\u00bb wo wir an Sorten mit erh\u00f6htem Gehalt an Anthocyanen und Carotinoiden arbeiten da diese vorbeugend <em><a href=\"http:\/\/www.sciencedirect.com\/science\/article\/pii\/S0955286315001990\" target=\"_blank\" rel=\"noopener\">gegen Krebs wirken.<\/a><\/em><br>\nUnsere Sorten sind speziell f\u00fcr den Bio- und Permakulturmarkt gedacht, was aber einen konventionellen Anbau nicht verbietet.<br>\nBei Kartoffeln bieten wir unseren Kunden angepasste exklusive Sorten an, die sie unter anderem als Hofsorten oder Nischensorte vermarkten k\u00f6nnen.<br>\n<em><a href=\"http:\/\/varietas.ch\/wordpress\/kartoffelprogramm\/\" target=\"_blank\" rel=\"noopener\">Dazu mehr im speziellen Bereich hief\u00fcr.<\/a><\/em><\/p><p>Da Z\u00fcchtung auf guten Grundlagen basiert, haben wir eine Sammlung mehrerer hundert alter und spezieller Sorten von ProSpecieRara und weiteren europ\u00e4ischen Erhalterorganisationen, sowie aus Sammlungen aus Gartersleben und Wageningen. Diese dienen uns als Eltern f\u00fcr unsere Arbeit und wir geben Material davon (bei Vorbestellung bis zu Beginn der Ernte und gegen Erstattung der Unkosten), an Dritte ab. Die Liste was vorbestellbar ist, <em><a href=\"http:\/\/varietas.ch\/work\/docs\/Sortenliste_Kartoffeln-final_2017.pdf\" target=\"_blank\" rel=\"noopener\">finden sie hier<\/a><\/em> und den <em><a href=\"http:\/\/varietas.ch\/work\/docs\/Bestellformular-Vorlage.docx\" target=\"_blank\" rel=\"noopener\">Bestellschein hier.<\/a><\/em><\/p>\n<p>Bei Tomaten bieten wir neben <em><a href=\"http:\/\/varietas.ch\/shop\/Tomaten\" target=\"_blank\" rel=\"noopener\">klassischen Sorten<\/a><\/em>, Sorten mit <em><a href=\"http:\/\/wiki.varietas.ch\/books\/unique-projects\/page\/black-beefsteak-tomato-breeding-selection-2016\" target=\"_blank\" rel=\"noopener\">schwarz-obergine farbener Haut<\/a><\/em>&nbsp;an. Das Fleisch darunter kann von Weiss \u00fcber Gelb bis zu Rot oder Braun reichen, je nach Kundenwunsch.<\/p>\n<p>Zus\u00e4tzlich sind wir spezialisiert auf alternative und marginalisierte Feldfr\u00fcchte und ihren Anbau, sowie Waldg\u00e4rten in den gem\u00e4ssigten Zonen und beraten Sie auch im Bezug zu Permakulturanbau gerne dazu. Besuchen Sie unseren Schaugarten f\u00fcr Inspirationen!<\/p>\n<p>Durch unsere guten weltweiten Kontakte sind wir in der Lage auch exotische Pflanzen f\u00fcr Sie zu besorgen und planen gerne ein entsprechendes Projekt f\u00fcr Sie.<\/p>\t\t\t\t\t\t<\/div>\n\t\t\t\t<\/div>\n\t\t\t\t\t<\/div>\n\t\t<\/div>\n\t\t\t\t\t\t\t<\/div>\n\t\t<\/section>\n\t\t\t\t<div class=\"elementor-element elementor-element-c4d7b3b elementor-align-center elementor-widget elementor-widget-button\" data-id=\"c4d7b3b\" data-element_type=\"widget\" data-widget_type=\"button.default\">\n\t\t\t\t<div class=\"elementor-widget-container\">\n\t\t\t\t\t<div class=\"elementor-button-wrapper\">\n\t\t\t<a href=\"http:\/\/varietas.ch\/wordpress\/about\/\" class=\"elementor-button-link elementor-button elementor-size-md\" role=\"button\">\n\t\t\t\t\t\t<span class=\"elementor-button-content-wrapper\">\n\t\t\t\t\t\t<span class=\"elementor-button-text\">Mehr ...<\/span>\n\t\t<\/span>\n\t\t\t\t\t<\/a>\n\t\t<\/div>\n\t\t\t\t<\/div>\n\t\t\t\t<\/div>\n\t\t\t\t\t<\/div>\n\t\t<\/div>\n\t\t\t\t\t\t\t<\/div>\n\t\t<\/section>\n\t\t\t\t<section class=\"elementor-section elementor-top-section elementor-element elementor-element-a6618ca elementor-section-boxed elementor-section-height-default elementor-section-height-default\" data-id=\"a6618ca\" data-element_type=\"section\">\n\t\t\t\t\t\t<div class=\"elementor-container elementor-column-gap-default\">\n\t\t\t\t\t<div class=\"elementor-column elementor-col-100 elementor-top-column elementor-element elementor-element-bf09ac1\" data-id=\"bf09ac1\" data-element_type=\"column\">\n\t\t\t<div class=\"elementor-widget-wrap elementor-element-populated\">\n\t\t\t\t\t\t\t\t<div class=\"elementor-element elementor-element-fd4875c elementor-widget elementor-widget-spacer\" data-id=\"fd4875c\" data-element_type=\"widget\" data-widget_type=\"spacer.default\">\n\t\t\t\t<div class=\"elementor-widget-container\">\n\t\t\t\t\t<div class=\"elementor-spacer\">\n\t\t\t<div class=\"elementor-spacer-inner\"><\/div>\n\t\t<\/div>\n\t\t\t\t<\/div>\n\t\t\t\t<\/div>\n\t\t\t\t\t<\/div>\n\t\t<\/div>\n\t\t\t\t\t\t\t<\/div>\n\t\t<\/section>\n\t\t\t\t\t\t<\/div>\n\t\t\t\t\t<\/div>\n\t\t","protected":false},"excerpt":{"rendered":"<p>Varietas Kartoffeln, Tomaten und Mehr als Saatgut wie zum Verzehr Shop Now \u00dcBER UNS Varietas ist eine kleine Pflanzenz\u00fcchtungsfirma in Weiach an der Grenze des Kantons Z\u00fcrich zum Aargau und Deutschland. Wir arbeiten haupts\u00e4chlich mit wilden und domestizierten Tomaten und Kartoffeln sowie einigen anderen Gem\u00fcsesorten, wobei wir versuchen Resistenzen gegen Krankheiten oder Sch\u00e4dlinge aus Wildformen [&hellip;]<\/p>\n","protected":false},"author":1,"featured_media":0,"parent":0,"menu_order":0,"comment_status":"closed","ping_status":"closed","template":"page-templates\/pagebuilder.php","meta":{"footnotes":""},"class_list":["post-1883","page","type-page","status-publish","hentry"],"_links":{"self":[{"href":"http:\/\/varietas.ch\/wordpress\/wp-json\/wp\/v2\/pages\/1883","targetHints":{"allow":["GET"]}}],"collection":[{"href":"http:\/\/varietas.ch\/wordpress\/wp-json\/wp\/v2\/pages"}],"about":[{"href":"http:\/\/varietas.ch\/wordpress\/wp-json\/wp\/v2\/types\/page"}],"author":[{"embeddable":true,"href":"http:\/\/varietas.ch\/wordpress\/wp-json\/wp\/v2\/users\/1"}],"replies":[{"embeddable":true,"href":"http:\/\/varietas.ch\/wordpress\/wp-json\/wp\/v2\/comments?post=1883"}],"version-history":[{"count":10,"href":"http:\/\/varietas.ch\/wordpress\/wp-json\/wp\/v2\/pages\/1883\/revisions"}],"predecessor-version":[{"id":2538,"href":"http:\/\/varietas.ch\/wordpress\/wp-json\/wp\/v2\/pages\/1883\/revisions\/2538"}],"wp:attachment":[{"href":"http:\/\/varietas.ch\/wordpress\/wp-json\/wp\/v2\/media?parent=1883"}],"curies":[{"name":"wp","href":"https:\/\/api.w.org\/{rel}","templated":true}]}}